b + 4a6?
49b
In base 13, what is 27 + -1c9?
-1a2
In base 7, what is 6 - -60?
66
In base 4, what is -1211 - -2?
-1203
In base 12, what is -4 - -a7?
a3
In base 5, what is -40 + 3?
-32
In base 12, what is 64 - -5?
69
In base 5, what is -311 - 10?
-321
In base 6, what is -10 - -53?
43
In base 13, what is -32 - 87?
-b9
In base 13, what is -53 - 2?
-55
In base 15, what is -ac + 3?
-a9
In base 7, what is -1100 - 5?
-1105
In base 3, what is 1012 + 202?
1221
In base 6, what is 4400 + -3?
4353
In base 10, what is -2 + -56?
-58
In base 6, what is 1515 - -1?
1520
In base 10, what is -254 - 5?
-259
In base 9, what is 4 - -644?
648
In base 8, what is -25 - 173?
-220
In base 7, what is -4 + 510?
503
In base 7, what is -1 + 0?
-1
In base 7, what is 3 - -6105?
6111
In base 10, what is 12 + 745?
757
In base 12, what is 5 - 7?
-2
In base 14, what is d + -3?
a
In base 11, what is -815 + 2?
-813
In base 5, what is -143 - 31?
-224
In base 3, what is 120 + 110?
1000
In base 7, what is 5 + -430?
-422
In base 10, what is 197 - -5?
202
In base 14, what is 5 - 33?
-2c
In base 16, what is -608 - 5?
-60d
In base 9, what is -545 - -1?
-544
In base 3, what is 12 - -100?
112
In base 11, what is -2 - -110?
109
In base 2, what is -10 + 10101?
10011
In base 9, what is 2 + 18?
21
In base 14, what is a - -2?
c
In base 13, what is 6b - 24?
47
In base 8, what is 1 + -3351?
-3350
In base 6, what is -5 + 253?
244
In base 2, what is -1011000100111 - -11?
-1011000100100
In base 6, what is 1254 + -25?
1225
In base 14, what is -5 + 3?
-2
In base 10, what is 5 - 244?
-239
In base 12, what is 1 + -110?
-10b
In base 3, what is 1011121 + -12?
1011102
In base 15, what is 978 - 3?
975
In base 3, what is 2 + 20022?
20101
In base 12, what is 5 - 1a6?
-1a1
In base 7, what is 45 + 351?
426
In base 3, what is 11 + -1010221?
-1010210
In base 8, what is -224 - 202?
-426
In base 10, what is -85 - 8?
-93
In base 2, what is 1101 - 1101100?
-1011111
In base 5, what is 401242 + 0?
401242
In base 9, what is 837 - 25?
812
In base 8, what is 7 - 107?
-100
In base 12, what is 30 + -75?
-45
In base 9, what is -150 - -33?
-116
In base 5, what is 3 - 1230?
-1222
In base 9, what is -11 + 173?
162
In base 16, what is -10a7 - -1?
-10a6
In base 3, what is 122101 - -101?
122202
In base 10, what is 2 - -1177?
1179
In base 9, what is -5 + -6?
-12
In base 5, what is 12 + -310?
-243
In base 16, what is -b - 13?
-1e
In base 3, what is -11100 - 0?
-11100
In base 5, what is -1 + 2211?
2210
In base 10, what is 248 + -2?
246
In base 12, what is -5 - -60a?
605
In base 3, what is -1121022 + -100?
-1121122
In base 12, what is 1a8 - -4?
1b0
In base 2, what is -101 + -110111000?
-110111101
In base 9, what is -367 - 11?
-378
In base 10, what is 15 + 299?
314
In base 2, what is 1110 + -1010110100?
-1010100110
In base 8, what is -402 - 5?
-407
In base 7, what is 12 + 0?
12
In base 8, what is 5 - -62?
67
In base 2, what is 1 + 100001100?
100001101
In base 6, what is 44 + -15?
25
In base 10, what is 4292 - -4?
4296
In base 2, what is -10 + -100111011111?
-100111100001
In base 3, what is -1022021 + 10?
-1022011
In base 11, what is 8 - -12?
1a
In base 15, what is 4 + b?
10
In base 6, what is 3403 - -4?
3411
In base 8, what is -107 + -1?
-110
In base 15, what is -23 + -2?
-25
In base 7, what is 1 - -14063?
14064
In base 14, what is 20 - -4?
24
In base 3, what is -11100200 - -10?
-11100120
In base 7, what is -4634 + 2?
-4632
In base 5, what is -1 - -103?
102
In base 7, what is -5 + 11?
3
In base 15, what is 5 + -700?
-6ea
In base 10, what is 30 + -19?
11
In base 4, what is 3313 + 302?
10221
In base 14, what is -19 + -3?
-1c
In base 7, what is -55 - -3?
-52
In base 7, what is 142512 - 2?
142510
In base 14, what is -1 - -38c?
38b
In base 5, what is -1 - 130?
-131
In base 6, what is -233 - -25?
-204
In base 2, what is 1001100 - -10?
1001110
In base 15, what is c2 - 27?
9a
In base 16, what is -4 - -35?
31
In base 9, what is 352 + -4?
347
In base 2, what is -10011 + 110101?
100010
In base 7, what is -112 + -2?
-114
In base 10, what is -24845 - 5?
-24850
In base 2, what is -10100100 + 100?
-10100000
In base 2, what is 0 - -10010?
10010
In base 15, what is 12d - 2?
12b
In base 3, what is 12 + -102010?
-101221
In base 7, what is 5 - -1316?
1324
In base 11, what is -13 + 1631?
1619
In base 3, what is -11 + -100221?
-101002
In base 12, what is 5 + 11a1?
11a6
In base 16, what is 13 + 104?
117
In base 9, what is -4 + -506?
-511
In base 5, what is -20124 - -1?
-20123
In base 3, what is 2 - -220?
222
In base 10, what is -6 - -6?
0
In base 15, what is -4 + 1a2?
19d
In base 9, what is -1 - 555?
-556
In base 13, what is 2560 + -1?
255c
In base 3, what is -2122 + -12?
-2211
In base 11, what is 1 + -1285?
-1284
In base 2, what is 1100 + -11111?
-10011
In base 13, what is -81 + -42?
-c3
In base 9, what is -2 - 5?
-7
In base 13, what is -14 - 94?
-a8
In base 6, what is -1 - -2444?
2443
In base 9, what is 86 + -6?
80
In base 9, what is 3223 - 3?
3220
In base 3, what is -2021 + -1?
-2022
In base 4, what is -13 - -2300?
2221
In base 6, what is -14 + -32?
-50
In base 11, what is 3 + -6?
-3
In base 15, what is -2a + 3a?
10
In base 15, what is 6 + 3b?
42
In base 5, what is -212303 - 4?
-212312
In base 8, what is -56 + 107?
31
In base 5, what is 0 + 41203?
41203
In base 8, what is 1 + -54?
-53
In base 13, what is -1 - 164?
-165
In base 15, what is 5 + c?
12
In base 16, what is -2 - 97c?
-97e
In base 7, what is -3 + 101?
65
In base 6, what is 3 - -151?
154
In base 16, what is 1 + 139?
13a
In base 10, what is 62 - -39?
101
In base 15, what is 77 - -3?
7a
In base 5, what is -24 + -42?
-121
In base 3, what is -22122 + 11?
-22111
In base 6, what is -1400 + 3?
-1353
In base 11, what is -2 + -1?
-3
In base 14, what is -120 - -3?
-11b
In base 12, what is -5b45 + 2?
-5b43
In base 8, what is -21 - -46?
25
In base 6, what is -14043 + 1?
-14042
In base 14, what is -91 - 2d?
-c0
In base 11, what is -212 - -29?
-194
In base 8, what is -2 - 1424?
-1426
In base 11, what is -3 - 1659?
-1661
In base 2, what is -100 + 110110010?
110101110
In base 8, what is -5 + 42?
35
In base 9, what is -516 - 1?
-517
In base 6, what is 4 + 22?
30
In base 3, what is 221020 - 11?
221002
In base 15, what is -2 + 27?
25
In base 13, what is 228 - 22?
206
In base 7, what is 54 + -10?
44
In base 7, what is 250 + 1?
251
In base 2, what is -1000 + -1100010101?
-1100011101
In base 14, what is 3a50 + -4?
3a4a
In base 12, what is -128 + 4?
-124
In base 16, what is -1 + -2b?
-2c
In base 11, what is -5 - 132?
-137
In base 7, what is -4 - 263?
-300
In base 3, what is 12 - -101220?
102002
In base 10, what is -132 + -2?
-134
In base 6, what is 2141 + -3?
2134
In base 9, what is -18 + 800?
771
In base 16, what is 347 + -8?
33f
In base 5, what is 103 - -330?
433
In base 2, what is 10 + 1110101?
1110111
In base 14, what is -9 - 11?
-1a
In base 8, what is 3 - 4?
-1
In base 10, what is 14 + -135?
-121
In base 5, what is -3 + 1333?
1330
In base 2, what is -1001001001 - -100?
-1001000101
In base 12, what is 4 - -1703?
1707
In base 13, what is -15a + 3?
-157
In base 9, what is -3 + -4274?
-4277
In base 15, what is -10 - 162?
-172
In base 14, what is 13b + -19?
122
In base 5, what is 140301 + 3?
140304
In base 8, what is 16 - 77?
-61
In base 2, what is 100 - 111001101?
-111001001
In base 15, what is 2a1 - 0?
2a1
In base 8, what is -6 - -445?
437
In base 7, what is 5 + 6631?
6636
In base 14, what is -11 - 18?
-29
In base 12, what is 3582 + -4?
357a
In base 6, what is -2 + 15?
13
In base 14, what is 142 - -2?
144
In base 9, what is -13 + -265?
-278
In base 4, what is 212 - -12?
230
In base 3, what is 10 + -11?
-1
In base 11, what is -6 - 1244?
-124a
In base 10, what is 5 + -10?
-5
In base 10, what is 4 + -37?
-33
In base 13, what is 6 - -22?
28
In base 2, what is 11 + 1000100011?
1000100110
In base 15, what is -6 + 66?
60
In base 16, what is 10 - 1fa?
-1ea
In base 13, what is 101 - -1?
102
In base 14, what is -11 - -13?
2
In base 12, what is 10 - -44?
54
In base 15, what is 14b + -2?
149
In base 9, what is 24 + 2205?
2230
In base 11, what is -16 - -3?
-13
In base 13, what is -68a + -8?
-695
In base 12, what is 5 - 48?
-43
In base 12, what is -16 - -83?
69
In base 5, what is -2334 + 1?
-2333
In base 5, what is 0 + 201?
201
